d derivative of a**4/3 - a**3/6 - 3*a**2. Let q be t(2). Calculate the greatest common divisor of c and q.
3
Suppose 4*x - 73 = -3*r - 1, x = -3. Let z be (2 - -4) + -4 - -2. What is the highest common factor of z and r?
4
Let u(h) = h**3 - 4*h**2 + 2*h - 7. Let j be u(6). Calculate the greatest common divisor of j and 7.
7
Suppose 5*i = -2*z - 0*z - 7, z + 4*i + 5 = 0. Let n be 23 + 4/4 + z. What is the highest common divisor of n and 161?
23
Let v be (-2)/(-3)*(-135)/(-30). Calculate the highest common divisor of 24 and v.
3
Suppose 451 = -5*q + 151. Let u = 14 + -104. Let o = q - u. Calculate the greatest common factor of o and 6.
6
Let l(o) = -o**3 + 3*o**2 + 6*o - 6. Let v be l(4). Calculate the greatest common divisor of v and 2.
2
Suppose -b = -5*h + 315, 47 = 3*h + 2*b - 155. What is the highest common factor of 8 and h?
8
Let b(i) = -5*i**2 + 4*i - 6. Let c be b(4). Let d be ((-8)/10)/(2/c). Calculate the greatest common factor of d and 14.
14
Let o be (-33)/2*(-84)/(-18). Let h = -29 - o. What is the highest common divisor of 24 and h?
24
Let g be 2/5*5/2. Let u be -3*g - (-27 - -6). Calculate the highest common divisor of 27 and u.
9
Let p(u) = u**2 + u. Let b be p(5). Calculate the greatest common factor of 6 and b.
6
Suppose -g = 3*g - 84. Let l be 3 + -3 + (210 - 0). Calculate the greatest common divisor of g and l.
21
Let d(x) = x**3 - x**2 + 4*x. Suppose 80 = 5*i + 5*a, i - a - 2*a - 4 = 0. Suppose 4*t - i = -1. Let w be d(t). What is the greatest common divisor of w and 6?
6
Suppose 6*h = 271 + 179. Calculate the greatest common factor of 50 and h.
25
Let h(w) = w**2 - 7*w + 9. Let m be h(5). Let x(g) = -74*g + 1. Let i be x(m). Let b = 7 + 8. What is the highest common factor of i and b?
15
Suppose 0 = -3*i - 2*i + 70. Let v be 1/(-6) - (-39)/18. What is the highest common factor of v and i?
2
Let q = 28 + -19. Suppose 13*b - q*b - 68 = 0. Calculate the greatest common factor of b and 153.
17
Let o = -4 + 4. Suppose o = -3*l - 2*h + 56, 3 = -l - 4*h + 25. What is the highest common divisor of l and 45?
9
Let p = 33 + 71. Calculate the greatest common divisor of 13 and p.
13
Let n be (-2)/(-5) - 1676/(-10). Let t = 75 - n. Let b = t - -178. Calculate the highest common divisor of 17 and b.
17
Suppose 3*c = 5*q - 408, 2*q = q - c + 80. Suppose 0*w - 2*w = 12. Let x = 15 + w. What is the greatest common divisor of q and x?
9
Suppose -2*f + a = -4, -2*a - 1 - 1 = -f. Suppose 0 = -f*i + 4. Suppose 30 = 2*k + i*p, -p - 4*p + 53 = 3*k. What is the greatest common divisor of k and 33?
11
Let u = 126 + -21. What is the highest common factor of 42 and u?
21
Let d(m) = m**2 - 2*m - 29. Let h be d(-11). What is the highest common divisor of h and 38?
38
Let r(a) = 5*a**2 - 1 - 2 + 1 + 6*a - 3. Let n be r(4). What is the greatest common factor of 9 and n?
9
Let m(a) = a + 4. Let g be m(-4). Let u(r) = -r + 12. Let i be u(g). Calculate the highest common divisor of i and 24.
12
Suppose v + 1 = 3*i + 73, 164 = 3*v + 4*i. What is the highest common divisor of 15 and v?
15
Let o(w) = w**3 - 5*w**2 - 6*w - 11. Let m be o(8). Suppose 5*n - m = -23. Let d = -12 + n. Calculate the highest common divisor of d and 40.
10
Let b be (-36)/(-3) - 2*1. Let r be (5 + -4)*-1 - -81. Calculate the greatest common factor of r and b.
10
Let c(a) = -7*a + 1. Let x be c(-1). Let m(f) = f. Let o be m(2). Calculate the greatest common divisor of o and x.
2
Suppose -l + 13 = 4. Suppose -2*r - l = -2*v - 41, -3*r + v = -52. Calculate the highest common factor of 6 and r.
6
Suppose 5*a = -62 + 447. Let w be (-60)/18*(-12)/5. Suppose -2*p + 5 = h, 4*h + p = 35 - w. Calculate the greatest common factor of h and a.
7
Let a = 1 + -1. Suppose a = -g - 2*g + 159. Let o be 2/(-8) + g/4. What is the greatest common factor of 143 and o?
13
Let k(r) be the first derivative of r**3/3 - 3*r**2/2 + 3*r + 5. Let l be k(2). Suppose 0 = 2*u - 2. Calculate the highest common factor of u and l.
1
Let j(c) = -7*c + 1. Suppose -23 = -3*f - 5. Let l = f - 9. Let n be j(l). What is the greatest common divisor of n and 2?
2
Let b = 37 + -17. Suppose -2*g + b = -0*g. Let o = 20 - g. What is the greatest common divisor of 25 and o?
5
Suppose 3*m = 2*x + 2*m - 9, -5*x + 30 = -5*m. Suppose 2*i + 2*n = 206, -n + x*n + 190 = 2*i. Let j = 8 - -1. Calculate the highest common divisor of i and j.
9
Let g be 4 + 0 + -1 - 1. Let p(o) = -o**2 + 4*o - 3. Let s be p(g). Let k be 0 - ((-4)/s - -2). Calculate the greatest common divisor of k and 2.
2
Let r(j) = j**2 - 8*j + 9. Let n be r(9). Calculate the greatest common factor of n and 126.
18
Let b(j) = -j + 19. Let z(h) = -h + 4. Let g be z(-5). Let f be b(g). What is the greatest common factor of 30 and f?
10
Let h be (-1 + 1 + -1)*-1. Suppose 0 = -3*f + 26 + h. Calculate the greatest common factor of f and 72.
9
Let w(y) = y**2 - y + 2. Let g be w(0). Suppose -r - 2*r = 3*s - 93, -50 = -g*r + s. Let a = 29 + -11. What is the greatest common factor of r and a?
9
Suppose -2*z = 4*v + 2 - 4, -5*v - z = -7. Suppose 0*d + v*d = 4. Suppose -d*g - 18 + 78 = 0. What is the highest common divisor of g and 10?
10
Let t be 15*1 + -2 + 0. Suppose -3*d - 2*d + 120 = 0. Suppose d + 15 = n. What is the highest common divisor of n and t?
13
Let o = 16 + -13. What is the greatest common divisor of 21 and o?
3
Suppose -4*c = -5*c + 2*i + 27, 3*c + i - 95 = 0. What is the highest common divisor of c and 155?
31
Let s(i) = -2*i + 19. Let w be s(-8). What is the greatest common divisor of 7 and w?
7
Suppose -16 = -4*i, -3*m - 4*i = -52 + 15. Suppose 0 = -a + 1, 4*a = -4*o + 9 + m. What is the highest common divisor of 6 and o?
3
Let r = 6 + 29. Suppose -5*h + r = 10. Calculate the greatest common divisor of 2 and h.
1
Suppose -26 = 3*m + 19. Let q = m - -17. What is the greatest common divisor of q and 6?
2
Suppose 4*k - 324 = 2*k. Let z be (-6)/12 - (-74)/4. What is the highest common divisor of k and z?
18
Let p = 61 + -17. Suppose 4*m - 20 = -m. Calculate the highest common factor of m and p.
4
Suppose 4*k - 157 = -s + 42, k + 5*s - 45 = 0. Calculate the greatest common factor of k and 20.
10
Let t be (-759)/(-21) - (-5)/(-35). What is the highest common factor of 6 and t?
6
Let c be (-4)/(-6) - 846/(-27). Calculate the highest common factor of c and 8.
8
Let n be (18/(-8))/(2/(-32)). Suppose -9*p + 542 = -268. Calculate the highest common factor of n and p.
18
Let n be (2 - 4/2)/(-1). Suppose 4*s - 8*s + 128 = n. Let k = 65 - s. Calculate the greatest common divisor of 3 and k.
3
Let b = 75 - 30. Suppose -5*g + 2*g = 0. Suppose 5*o = -2*f + 3, -3*f + 0*f - 4*o + 15 = g. Calculate the highest common factor of f and b.
9
Suppose 4*k = l - 22, -3*l = -0*l + 5*k - 15. Let x be ((-12)/l)/(4/(-60)). What is the greatest common factor of 198 and x?
18
Let u(v) = 12*v - 2. Let h be u(4). Suppose 3*r - h = b, 0 = -3*r - 0*b - 3*b + 30. Let o = 22 + -8. Calculate the highest common factor of o and r.
14
Let b(p) = 3*p + 1. Let a be b(2). Suppose a = 4*q - 33. Suppose -13 = -2*j + 87. What is the greatest common factor of j and q?
10
Suppose 4*w = -3*g - g + 136, 0 = 2*g. What is the highest common divisor of w and 17?
17
Suppose -17*c + 20*c = 9. Calculate the greatest common divisor of c and 27.
3
Suppose 2*u - 48 = 30. Let v = 115 - -5. Suppose 4*b - 5*b = -2*t + 54, -5*t = 5*b - v. What is the greatest common factor of t and u?
13
Suppose 0 = -5*i - 9 + 34, 0 = 2*l - 2*i - 88. What is the highest common factor of l and 14?
7
Let p = 3 + -3. Suppose 4*r = -p*r + 52. Let x be 13*((-4)/(-2) + 0). Calculate the greatest common factor of r and x.
13
Let c = 24 + -16. What is the highest common divisor of 32 and c?
8
Let o be (-1)/(-5) + (-1182)/10. Let y = -76 - o. What is the greatest common divisor of y and 6?
6
Suppose g + 2*g = 4*a - 19, -2*g = a - 2. What is the highest common factor of a and 8?
4
Let a(b) = -b + 14. Let i be a(0). Calculate the highest common divisor of i and 7.
7
Let t = -10 - -21. Let l = -33 - -154. What is the highest common factor of t and l?
11
Let y = 292 + -160. Calculate the greatest common divisor of 12 and y.
12
Let m = -15 + 19. Suppose 61 = -m*a + 337. Calculate the highest common factor of 46 and a.
23
Suppose p - 2*c - 41 = 0, -78 = 4*